= -a. What is the tens digit of g?
0
Let l(x) = 2*x**3 - 61*x**2 - 73*x + 70. What is the units digit of l(32)?
6
Let x(w) be the third derivative of -w**6/120 + 11*w**5/60 + 5*w**4/8 + 14*w**3/3 + w**2. What is the units digit of x(12)?
4
Let n be -32 - -18 - (-2)/1. Let x(k) = k**3 + 11*k**2 - 14*k - 17. What is the units digit of x(n)?
7
Let t(i) = i**2 - 7*i + 6. Let b be t(7). Let d = b - -4. Let a = 13 + d. What is the units digit of a?
3
Let f = 48 + -48. Suppose 234 = 2*y - 2*q, f = -2*y - 2*y + 3*q + 466. What is the tens digit of y?
1
What is the thousands digit of ((-472550)/(-80) - 3) + 3/24?
5
What is the hundreds digit of 12 - (-9 - (1698 - -12))?
7
Let n(z) = z**3 - 8*z**2 + z + 12. Let k be n(8). What is the hundreds digit of (16/k)/(-2) + 1204/10?
1
Let k = -1578 + 2743. What is the units digit of k?
5
Suppose 3*c - i = 1059, -4*c = 4*i - 8*i - 1420. Suppose -4*m - 3*n + 352 = 2*n, 4*m = 2*n + c. What is the units digit of m?
8
Suppose 73*x = 93*x - 126140. What is the thousands digit of x?
6
Suppose 310 - 1351 = -3*v. What is the hundreds digit of v?
3
Let y = 84 + -79. What is the tens digit of y/(-10)*2*-48?
4
Let q(x) = -17*x + 90. What is the units digit of q(-25)?
5
Let k be (-32)/(-144) - (-1084)/(-18). Let f = k - -100. What is the tens digit of f?
4
Let q(d) = 50*d + 7. Let b be q(9). Let t = b + -277. Suppose 0 = 6*m - m - t. What is the units digit of m?
6
Let q = 88 - 62. Suppose 3*z + a - q = 0, -3*z - z = -5*a - 3. What is the units digit of z?
7
Let c(x) = -4*x**3 + 8*x**2 + 2*x. What is the tens digit of c(-4)?
7
Suppose -4 + 13 = 5*y + 2*h, -5*y + 5*h + 30 = 0. Suppose y*c = 7 + 5. What is the units digit of (3 + -1)/(c/114)?
7
Suppose 3*a + 6*a - 27 = 0. Suppose -2*g - a*l + 237 = 15, 116 = g + 4*l. What is the units digit of g?
8
Let n = 34 - 49. Let w(h) = h**3 + 14*h**2 - 14*h + 20. Let m be w(n). Suppose -m*p + 98 = -3*p. What is the tens digit of p?
4
Let i(j) = 32*j**3 + 3*j**2 + 4*j + 1. Let r(f) = f + 0*f**3 - 3*f + 3*f - f**3 + f**2. Let k(w) = i(w) - 4*r(w). What is the tens digit of k(1)?
3
Let y(g) = g - 6. Let z be y(10). What is the units digit of (-4 - (-21 + 2)) + z?
9
Let t(q) = -252*q - 260. What is the units digit of t(-7)?
4
Let s(k) be the first derivative of -5*k**4 + k**3/3 - k - 2. What is the tens digit of s(-1)?
2
Suppose 0 = -5*a + 5*j + 45, 0 = -5*a + 3*a - 3*j + 8. Suppose -s - a = -3*s + 3*h, -5*s = 5*h - 5. Suppose 4 - 2 = s*z. What is the units digit of z?
1
Suppose -7*k = 3*k - 40. What is the hundreds digit of (-826)/(-8) + 3/k?
1
Let q = -190 - -1045. What is the units digit of q?
5
Let n = -128 - -568. What is the hundreds digit of n?
4
Suppose -224 = 2*t + 4*u, 0*u + 396 = -4*t + 5*u. Let o = t + 232. What is the tens digit of o?
2
Suppose -9*n + 6*n = 9. Let t be (-10)/(n/9*1). What is the tens digit of 5536/120 - 4/t?
4
Let k be (48/40)/(3/10 + 0). Let z(g) be the first derivative of g**4/4 - g**3 - 3*g**2/2 + g + 2. What is the units digit of z(k)?
5
Let d = 28 - 11. Suppose 8 - 2 = 2*k, 5*a + 39 = -2*k. Let i = d + a. What is the units digit of i?
8
Let r(t) = 121*t**3 + 11*t**2 - 16*t - 4. What is the hundreds digit of r(2)?
9
Let g = -242 + 152. Let a = g - -134. Suppose 72 = 2*q - a. What is the tens digit of q?
5
Suppose 2*b - 24 = -2*b + 3*n, 5*b + 5*n + 5 = 0. Let q = 70 + 68. Suppose b*f + 0*f = q. What is the units digit of f?
6
Let f(v) = -3*v**2 + v - 3. Let h be 3*-1*36/27. Let t be f(h). Let d = t - -82. What is the tens digit of d?
2
Suppose -n + 12*n - 44 = 0. What is the units digit of (6/n)/(6/(-2))*-138?
9
Let o = -29 + 34. Suppose 0*p + 3*p = 3*a + 873, 0 = -3*p - o*a + 849. Suppose -3*l - l + p = 2*s, 4*l - 5*s = 260. What is the tens digit of l?
7
What is the units digit of 49*(-3)/(-7)*58?
8
Let m = 6 - 2. Suppose -f + m*f = 15. Suppose 0 = f*c - 2 - 18. What is the units digit of c?
4
Let d = 140 - 135. Suppose d*v + 8*j - 1666 = 4*j, 4*v - 1304 = 4*j. What is the hundreds digit of v?
3
Let w(t) = -4*t - 2. Let h be 6/4*44/(-33). What is the units digit of w(h)?
6
Suppose 3*n - 12 = 2*n. Let k(s) = s**3 - 13*s**2 + 13*s - 5. Let m be k(n). Let c(b) = 4*b - 9. What is the units digit of c(m)?
9
Let n(h) = 2*h**2 - 25*h + 16. Let a be n(12). Suppose 3*m + q + a*q - 797 = 0, 2*q = -10. What is the hundreds digit of m?
2
Suppose 8*k + k - 4662 = 0. What is the tens digit of k?
1
Let l(t) = 27*t**2 + 25*t + 111. What is the units digit of l(-6)?
3
What is the hundreds digit of 121 + -125 + 721/1?
7
Suppose 0 = 4*p - 1779 - 6333. What is the thousands digit of p?
2
What is the hundreds digit of (2*(-2524)/24)/((-3)/18)?
2
Suppose 5*h + a = -2*a + 6266, -3750 = -3*h - 5*a. What is the hundreds digit of h?
2
Let z(g) = g**3 + 13*g**2 - 17*g + 6. Let b be z(-15). Let c be (4/6)/((-3)/b). Let h = 83 - c. What is the tens digit of h?
4
Suppose -10*c = -6*c + 348. What is the units digit of 45/30*(-1 - (c + 0))?
9
Suppose -6*s + 14 + 4 = 0. Suppose -4*b + 2*k = -162, 2*k - 38 = -b + s*k. What is the units digit of b?
3
Suppose -5*r = -p - 2*p - 1450, -5*r = -4*p - 1445. What is the tens digit of r?
9
Suppose 0*f = 5*j + 5*f - 2015, 0 = 2*f. What is the tens digit of j?
0
Suppose 2*u + u - 5*w - 27 = 0, 2*w = 3*u - 18. Suppose u*q + 90 = -102. Let f = -29 - q. What is the tens digit of f?
1
Suppose -3 = 4*y - 5*y. Suppose y*f = 5*f. Suppose -3*u + 26 = 2*w - 62, -2*w - 2*u + 88 = f. What is the units digit of w?
4
Suppose 10*t - 8402 = 3358. What is the thousands digit of t?
1
Suppose 0 = -y + 2*c + 1533, 4*c - 2353 - 2226 = -3*y. What is the units digit of y?
9
Let b(y) = -4*y + 4. Let c be b(-4). Let r be 6/24 - 51/(-4). Let u = c - r. What is the units digit of u?
7
Let p(d) = 6*d + 2. Let o be p(3). Suppose -2*c + o = -0*c. What is the tens digit of c?
1
Let h = 11 + -8. Suppose 6 = 3*x, -k = -0*k - h*x - 33. Suppose -b = -4*b + k. What is the units digit of b?
3
Suppose -y + 394 = 2*k + 3*y, 5*k - 3*y = 959. Let u = k + -99. Suppose 4*s = u + 6. What is the units digit of s?
5
Let l(c) = 3*c**3 + 2*c**2 - 6*c - 4. Let y be l(-4). What is the hundreds digit of (3 + y)/((-1)/1)?
1
Let l be (-616)/(-21) - (-4)/6. Suppose 0 = 4*o - 50 - l. Let j = o + -3. What is the units digit of j?
7
Suppose -3*j = -2*j + n - 3, n = -2*j + 3. Suppose j = -4*h + 5*h - 138. What is the hundreds digit of h?
1
What is the tens digit of ((-35)/10)/7*-1042?
2
Let r(v) = 11*v**2 + 4*v + 4. Let a(h) = h**3 + 6*h**2 + 5*h - 16. Let k be a(-4). What is the units digit of r(k)?
4
Let g be (-1 + -1 - 49/(-21))*30. Let y = 37 + g. What is the tens digit of y?
4
Suppose -299 = -2*y + 4*f + 21, -4*y = -4*f - 656. Suppose k + 4*w - w = y, 5*k - 792 = -3*w. What is the units digit of k?
6
Let b(r) = -r**2 - 9*r - 8. Suppose -2*s = -3*s + 7. Suppose 5*o - 5*f = -45, 2*o + s + 1 = -3*f. What is the units digit of b(o)?
6
Let u(z) = -z - 6. Let q be u(-7). Suppose -5 - q = -3*m. Suppose 6 + 36 = m*o. What is the tens digit of o?
2
Suppose 4*z = 0, 3*k - 93 - 57 = -z. Suppose 15 = l + 3*g - 4*g, -3*l + 2*g + k = 0. What is the tens digit of l?
2
What is the tens digit of (-29*5/(-10))/(2/200)?
5
Suppose -5*n - 2*s = -s - 13, -n + 3*s = 7. Suppose 4*a = -5*o + 23, -2 = -n*a + 2. What is the units digit of 26*(1 - (o + -3))?
6
Let s(f) = 116*f + 259. What is the hundreds digit of s(10)?
4
Suppose 6395 + 6002 = 23*b. What is the tens digit of b?
3
Suppose 0 = 749*w - 762*w + 30446. What is the hundreds digit of w?
3
Let t(r) = -2*r**3 + 48*r**2 + 10*r - 27. What is the hundreds digit of t(24)?
2
Let v = -41 - -45. Suppose v*h - 45 + 5 = 4*o, 58 = 4*h + 2*o. What is the tens digit of h?
1
Let k(r) = 58*r**2 + 2*r - 2. What is the units digit of k(1)?
8
Suppose -4*g - 6 - 12 = -2*a, -29 = -4*a + g. Let i be a/(14/6) + 20. Let z = i + 13. What is the tens digit of z?
3
Let i(y) = -y**3 - 11*y**2 + 13*y + 16. Suppose j - 5*d = -7, -2*j + 3*d = -0*d + 21. Let l be i(j). What is the units digit of (-3)/(-6) - (-218)/l?
5
Let m = 4054 - 1595. What is the units digit of m?
9
Let x = 13046 + -9233. What is the thousands digit of x?
3
Let k(l) = l**2 - 14*l + 11. Let b be k(13). Let z = b - -34. What is the tens digit of z?
3
Let j = -4 - 3. Let z(u) = -2*u**2 - 10*u - 2. Let a be z(j). Let w = 51 + a